{"id":5989,"date":"2024-10-03T12:43:27","date_gmt":"2024-10-03T10:43:27","guid":{"rendered":"https:\/\/whiskywahn.de\/?page_id=5989"},"modified":"2024-10-03T22:08:46","modified_gmt":"2024-10-03T20:08:46","slug":"ardmore","status":"publish","type":"page","link":"https:\/\/whiskywahn.de\/?page_id=5989","title":{"rendered":":: Ardmore"},"content":{"rendered":"<p><a href=\"http:\/\/www.whiskywahn.de\/wp-content\/uploads\/2018\/11\/Ardmore-_FW_630.jpg\"><img loading=\"lazy\" decoding=\"async\" src=\"http:\/\/www.whiskywahn.de\/wp-content\/uploads\/2018\/11\/Ardmore-_FW_630.jpg\" alt=\"\" width=\"300\" height=\"300\" class=\"alignleft size-full wp-image-4751\" srcset=\"https:\/\/whiskywahn.de\/wp-content\/uploads\/2018\/11\/Ardmore-_FW_630.jpg 300w, https:\/\/whiskywahn.de\/wp-content\/uploads\/2018\/11\/Ardmore-_FW_630-150x150.jpg 150w\" sizes=\"auto, (max-width: 300px) 100vw, 300px\" \/><\/a><\/p>\n<h5>Forumswhisky no. 14 imported by Br\u00fchler Whiskyhaus<\/h5>\n<p><strong>Alter<\/strong>: 8 Jahre<\/p>\n<p><strong>Alkoholgehalt<\/strong>: 59.9%<\/p>\n<p><strong>Abf\u00fcller:<\/strong> Signatory Vintage<\/p>\n<p><br class=\"clear\" \/><br class=\"clear\" \/><br \/>\n<a href=\"http:\/\/www.whiskywahn.de\/?attachment_id=3509\" rel=\"attachment wp-att-3509\"><img loading=\"lazy\" decoding=\"async\" src=\"http:\/\/www.whiskywahn.de\/wp-content\/uploads\/2009\/07\/Ardmore_Whiskyonline_300.jpg\" alt=\"Ardmore_Whiskyonline_300\" width=\"300\" height=\"300\" class=\"alignleft size-full wp-image-3509\" srcset=\"https:\/\/whiskywahn.de\/wp-content\/uploads\/2009\/07\/Ardmore_Whiskyonline_300.jpg 300w, https:\/\/whiskywahn.de\/wp-content\/uploads\/2009\/07\/Ardmore_Whiskyonline_300-150x150.jpg 150w\" sizes=\"auto, (max-width: 300px) 100vw, 300px\" \/><\/a><\/p>\n<h5>Ardmore for Whisky-Online<\/h5>\n<p><strong>Alter<\/strong>: 22 Jahre<\/p>\n<p><strong>Alkoholgehalt<\/strong>: 49.9%<\/p>\n<p><strong>Abf\u00fcller:<\/strong> Gordon MacPhail<\/p>\n<p><br class=\"clear\" \/><br class=\"clear\" \/><br \/>\n<a href=\"http:\/\/www.whiskywahn.de\/?attachment_id=3505\" rel=\"attachment wp-att-3505\"><img loading=\"lazy\" decoding=\"async\" src=\"http:\/\/www.whiskywahn.de\/wp-content\/uploads\/2009\/07\/66.82_300.jpg\" alt=\"66.82_300\" width=\"300\" height=\"300\" class=\"alignleft size-full wp-image-3505\" srcset=\"https:\/\/whiskywahn.de\/wp-content\/uploads\/2009\/07\/66.82_300.jpg 300w, https:\/\/whiskywahn.de\/wp-content\/uploads\/2009\/07\/66.82_300-150x150.jpg 150w\" sizes=\"auto, (max-width: 300px) 100vw, 300px\" \/><\/a><\/p>\n<h5>66.82 Gritty-turned-pretty \/Zorn der G\u00f6tter<\/h5>\n<p><strong>Alter<\/strong>: 17 Jahre<\/p>\n<p><strong>Alkoholgehalt<\/strong>: 57.5%<\/p>\n<p><strong>Abf\u00fcller:<\/strong> SMWS<\/p>\n<p><br class=\"clear\" \/><br class=\"clear\" \/><br \/>\n<a href=\"http:\/\/www.whiskywahn.de\/wp-content\/uploads\/2009\/07\/Ardmore_Whiskyman_300.jpg\"><img loading=\"lazy\" decoding=\"async\" src=\"http:\/\/www.whiskywahn.de\/wp-content\/uploads\/2009\/07\/Ardmore_Whiskyman_300.jpg\" alt=\"Ardmore_Whiskyman_300\" width=\"300\" height=\"300\" class=\"alignleft size-full wp-image-3024\" srcset=\"https:\/\/whiskywahn.de\/wp-content\/uploads\/2009\/07\/Ardmore_Whiskyman_300.jpg 300w, https:\/\/whiskywahn.de\/wp-content\/uploads\/2009\/07\/Ardmore_Whiskyman_300-150x150.jpg 150w\" sizes=\"auto, (max-width: 300px) 100vw, 300px\" \/><\/a><\/p>\n<h5>Peat fighting man <\/h5>\n<p><strong>Alter<\/strong>: 20 Jahre<\/p>\n<p><strong>Alkoholgehalt<\/strong>: 49.9%<\/p>\n<p><strong>Abf\u00fcller:<\/strong> Whiskyman<\/p>\n<p><br class=\"clear\" \/><br class=\"clear\" \/><\/p>\n<h5><a href=\"http:\/\/www.whiskywahn.de\/wp-content\/uploads\/2009\/07\/Ardmore_17yo_Chieftains_300.jpg\"><img loading=\"lazy\" decoding=\"async\" class=\"alignleft size-full wp-image-924\" title=\"Ardmore_17yo_Chieftains_300\" src=\"http:\/\/www.whiskywahn.de\/wp-content\/uploads\/2009\/07\/Ardmore_17yo_Chieftains_300.jpg\" alt=\"\" width=\"300\" height=\"300\" srcset=\"https:\/\/whiskywahn.de\/wp-content\/uploads\/2009\/07\/Ardmore_17yo_Chieftains_300.jpg 300w, https:\/\/whiskywahn.de\/wp-content\/uploads\/2009\/07\/Ardmore_17yo_Chieftains_300-150x150.jpg 150w\" sizes=\"auto, (max-width: 300px) 100vw, 300px\" \/><\/a>Chieftain\u00b4s Choice<\/h5>\n<p><strong>Destilliert:<\/strong> 1992<\/p>\n<p><strong>Abgef\u00fcllt: <\/strong>2010<\/p>\n<p><strong>Alkoholgehalt: <\/strong>46 %<\/p>\n<p><strong>Abf\u00fcller:<\/strong> Ian MacLeod<br \/>\n<br class=\"clear\" \/><br class=\"clear\" \/><\/p>\n<h5><img loading=\"lazy\" decoding=\"async\" class=\"alignleft size-full wp-image-660\" title=\"Ardmore1990GMacPhail\" src=\"http:\/\/www.whiskywahn.de\/wp-content\/uploads\/2009\/07\/Ardmore1990GMacPhail1.jpg\" alt=\"Ardmore1990GMacPhail\" width=\"300\" height=\"300\" srcset=\"https:\/\/whiskywahn.de\/wp-content\/uploads\/2009\/07\/Ardmore1990GMacPhail1.jpg 300w, https:\/\/whiskywahn.de\/wp-content\/uploads\/2009\/07\/Ardmore1990GMacPhail1-150x150.jpg 150w\" sizes=\"auto, (max-width: 300px) 100vw, 300px\" \/>Gordon &amp; MacPhail<\/h5>\n<p><strong>Destilliert:<\/strong> 1990<\/p>\n<p><strong>Abgef\u00fcllt: <\/strong>2006<\/p>\n<p><strong>Alkoholgehalt: <\/strong>43 %<br \/>\n<br class=\"clear\" \/><br class=\"clear\" \/><\/p>\n<p><img loading=\"lazy\" decoding=\"async\" class=\"size-full wp-image-235 alignleft\" title=\"Cask Strength Collection\" src=\"http:\/\/www.whiskywahn.de\/wp-content\/uploads\/2009\/07\/ardmore_sign_cs.jpg\" alt=\"Cask Strength Collection\" width=\"300\" height=\"300\" \/><\/p>\n<h5>Cask Strength Collection<\/h5>\n<p><strong>Alter:<\/strong> 18<\/p>\n<p><strong>Alkohol:<\/strong> 59,8%<\/p>\n<p><strong>Destilliert:<\/strong> 1990<\/p>\n<p><strong>Cask Type<\/strong><strong>:<\/strong> Bourbonfass<\/p>\n<p><strong>Abf\u00fcller:<\/strong> Signatory<br \/>\n<br class=\"clear\" \/><br class=\"clear\" \/><\/p>\n<p><img loading=\"lazy\" decoding=\"async\" class=\"alignleft size-full wp-image-236\" title=\"Traditional Cask\" src=\"http:\/\/www.whiskywahn.de\/wp-content\/uploads\/2009\/07\/ardmore_tradcask.jpg\" alt=\"Traditional Cask\" width=\"300\" height=\"300\" \/><\/p>\n<h5>Traditional Cask \/ Peated<\/h5>\n<p><strong>Alkohol:<\/strong> 46%<br \/>\n<strong>Cask Type<\/strong><strong>:<\/strong> First Fill am. Oak Quarter Cask<br \/>\n<br class=\"clear\" \/><br class=\"clear\" \/><\/p>\n<p><img loading=\"lazy\" decoding=\"async\" class=\"alignleft size-full wp-image-237\" title=\"The Unchillfiltered Collection\" src=\"http:\/\/www.whiskywahn.de\/wp-content\/uploads\/2009\/07\/ardmore_unchill_sign.jpg\" alt=\"The Unchillfiltered Collection\" width=\"300\" height=\"300\" \/><\/p>\n<h5>The Un-Chillfiltered Collection<\/h5>\n<p><strong>Alter:<\/strong> 15<br \/>\n<strong>Alkohol: <\/strong>46%<br \/>\n<strong>Destilliert:<\/strong> 1992<br \/>\n<strong>Cask Type<\/strong><strong>:<\/strong> Bourbonfass<br \/>\n<strong>Abf\u00fcller:<\/strong> Signatory<\/p>\n<p><br class=\"clear\" \/><br class=\"clear\" \/><\/p>\n<p><img loading=\"lazy\" decoding=\"async\" class=\"alignleft size-full wp-image-234\" title=\"The Cross Hill\" src=\"http:\/\/www.whiskywahn.de\/wp-content\/uploads\/2009\/07\/ardmore_cross_hill.jpg\" alt=\"The Cross Hill\" width=\"300\" height=\"300\" \/><\/p>\n<h5>The Cross Hill<\/h5>\n<p><strong>Alter:<\/strong> 16<\/p>\n<p><strong>Alkohol<\/strong>: 53,7%<\/p>\n<p><strong>Destilliert<\/strong>: 1991<\/p>\n<p><strong>Abf\u00fcller<\/strong>: Jack Wiebers<br \/>\n<br class=\"clear\" \/><br class=\"clear\" \/><br \/>\n<img loading=\"lazy\" decoding=\"async\" class=\"alignleft size-full wp-image-233\" title=\"Single Malts of Scotland\" src=\"http:\/\/www.whiskywahn.de\/wp-content\/uploads\/2009\/07\/ardmore_13yo.jpg\" alt=\"Single Malts of Scotland\" width=\"300\" height=\"300\" \/><\/p>\n<h5>The Single Malts of Scotland<\/h5>\n<p><strong>Alter:<\/strong> 13<\/p>\n<p><strong>Alkohol:<\/strong> 56,8%<\/p>\n<p><strong>Destilliert:<\/strong> 1994<\/p>\n<p><strong>Abf\u00fcller:<\/strong> Speciality Drinks<\/p>\n<p><strong>Cask:<\/strong> 65, Hogshead<br \/>\n<br class=\"clear\" \/><br class=\"clear\" \/><\/p>\n","protected":false},"excerpt":{"rendered":"<p>Forumswhisky no. 14 imported by Br\u00fchler Whiskyhaus Alter: 8 Jahre Alkoholgehalt: 59.9% Abf\u00fcller: Signatory Vintage Ardmore for Whisky-Online Alter: 22 Jahre Alkoholgehalt: 49.9% Abf\u00fcller: Gordon MacPhail 66.82 Gritty-turned-pretty \/Zorn der G\u00f6tter Alter: 17 Jahre Alkoholgehalt: 57.5% Abf\u00fcller: SMWS Peat fighting man Alter: 20 Jahre Alkoholgehalt: 49.9% Abf\u00fcller: Whiskyman Chieftain\u00b4s Choice Destilliert: 1992 Abgef\u00fcllt: 2010 Alkoholgehalt: [&hellip;]<\/p>\n","protected":false},"author":1,"featured_media":0,"parent":6204,"menu_order":0,"comment_status":"closed","ping_status":"closed","template":"","meta":{"ngg_post_thumbnail":0,"footnotes":""},"class_list":["post-5989","page","type-page","status-publish","hentry","post-preview"],"_links":{"self":[{"href":"https:\/\/whiskywahn.de\/index.php?rest_route=\/wp\/v2\/pages\/5989","targetHints":{"allow":["GET"]}}],"collection":[{"href":"https:\/\/whiskywahn.de\/index.php?rest_route=\/wp\/v2\/pages"}],"about":[{"href":"https:\/\/whiskywahn.de\/index.php?rest_route=\/wp\/v2\/types\/page"}],"author":[{"embeddable":true,"href":"https:\/\/whiskywahn.de\/index.php?rest_route=\/wp\/v2\/users\/1"}],"replies":[{"embeddable":true,"href":"https:\/\/whiskywahn.de\/index.php?rest_route=%2Fwp%2Fv2%2Fcomments&post=5989"}],"version-history":[{"count":1,"href":"https:\/\/whiskywahn.de\/index.php?rest_route=\/wp\/v2\/pages\/5989\/revisions"}],"predecessor-version":[{"id":5990,"href":"https:\/\/whiskywahn.de\/index.php?rest_route=\/wp\/v2\/pages\/5989\/revisions\/5990"}],"up":[{"embeddable":true,"href":"https:\/\/whiskywahn.de\/index.php?rest_route=\/wp\/v2\/pages\/6204"}],"wp:attachment":[{"href":"https:\/\/whiskywahn.de\/index.php?rest_route=%2Fwp%2Fv2%2Fmedia&parent=5989"}],"curies":[{"name":"wp","href":"https:\/\/api.w.org\/{rel}","templated":true}]}}