{"id":6069,"date":"2024-10-03T20:47:51","date_gmt":"2024-10-03T18:47:51","guid":{"rendered":"https:\/\/whiskywahn.de\/?page_id=6069"},"modified":"2025-06-08T16:46:38","modified_gmt":"2025-06-08T14:46:38","slug":"glen-keith","status":"publish","type":"page","link":"https:\/\/whiskywahn.de\/?page_id=6069","title":{"rendered":":: Glen Keith"},"content":{"rendered":"<h5><img loading=\"lazy\" decoding=\"async\" class=\"alignleft size-full wp-image-6633\" src=\"https:\/\/whiskywahn.de\/wp-content\/uploads\/2025\/06\/GlenKeith_TWA_Taucher_300.jpg\" alt=\"\" width=\"300\" height=\"300\" srcset=\"https:\/\/whiskywahn.de\/wp-content\/uploads\/2025\/06\/GlenKeith_TWA_Taucher_300.jpg 300w, https:\/\/whiskywahn.de\/wp-content\/uploads\/2025\/06\/GlenKeith_TWA_Taucher_300-150x150.jpg 150w\" sizes=\"auto, (max-width: 300px) 100vw, 300px\" \/>Old Times Diving<\/h5>\n<p><strong>Alkoholgehalt: <\/strong>51.4%<\/p>\n<p><strong>Abf\u00fcller<\/strong>: The Whisky Agency<br \/>\n<br class=\"clear\"><br class=\"clear\"><\/p>\n<h5><a href=\"http:\/\/www.whiskywahn.de\/?attachment_id=4306\" rel=\"attachment wp-att-4306\"><img loading=\"lazy\" decoding=\"async\" class=\"alignleft size-full wp-image-4306\" src=\"http:\/\/www.whiskywahn.de\/wp-content\/uploads\/2017\/11\/GlenKeith_Cadenhead_300.jpg\" alt=\"\" width=\"300\" height=\"300\" srcset=\"https:\/\/whiskywahn.de\/wp-content\/uploads\/2017\/11\/GlenKeith_Cadenhead_300.jpg 300w, https:\/\/whiskywahn.de\/wp-content\/uploads\/2017\/11\/GlenKeith_Cadenhead_300-150x150.jpg 150w\" sizes=\"auto, (max-width: 300px) 100vw, 300px\" \/><\/a>Single Cask &#8211; 1973 &#8211;<\/h5>\n<p><strong>Alkoholgehalt: <\/strong>43.2%<\/p>\n<p style=\"text-align: left;\"><strong>Abf\u00fcller<\/strong>: Cadenhead<br \/>\n<br class=\"clear\"><br class=\"clear\"><\/p>\n<h5><a href=\"http:\/\/www.whiskywahn.de\/wp-content\/uploads\/2012\/12\/GlenKeith_CSEdition_300.jpg\"><img loading=\"lazy\" decoding=\"async\" class=\"alignleft size-full wp-image-2745\" src=\"http:\/\/www.whiskywahn.de\/wp-content\/uploads\/2012\/12\/GlenKeith_CSEdition_300.jpg\" alt=\"GlenKeith_CSEdition_300\" width=\"300\" height=\"300\" srcset=\"https:\/\/whiskywahn.de\/wp-content\/uploads\/2012\/12\/GlenKeith_CSEdition_300.jpg 300w, https:\/\/whiskywahn.de\/wp-content\/uploads\/2012\/12\/GlenKeith_CSEdition_300-150x150.jpg 150w\" sizes=\"auto, (max-width: 300px) 100vw, 300px\" \/><\/a><\/p>\n<h5>Cask Strength Edition<\/h5>\n<p style=\"text-align: left;\"><strong>Alkoholgehalt: <\/strong>56.3%<br \/>\n<br class=\"clear\"><br class=\"clear\"><\/p>\n<h5><a href=\"http:\/\/www.whiskywahn.de\/wp-content\/uploads\/2012\/12\/PD_GlenKeith_300.jpg\"><img loading=\"lazy\" decoding=\"async\" class=\"alignleft size-full wp-image-2503\" src=\"http:\/\/www.whiskywahn.de\/wp-content\/uploads\/2012\/12\/PD_GlenKeith_300.jpg\" alt=\"PD_GlenKeith_300\" width=\"300\" height=\"300\" srcset=\"https:\/\/whiskywahn.de\/wp-content\/uploads\/2012\/12\/PD_GlenKeith_300.jpg 300w, https:\/\/whiskywahn.de\/wp-content\/uploads\/2012\/12\/PD_GlenKeith_300-150x150.jpg 150w\" sizes=\"auto, (max-width: 300px) 100vw, 300px\" \/><\/a><\/p>\n<h5 style=\"text-align: left;\">Perfect Dram &#8211; 1992 &#8211;<\/h5>\n<p><strong>Alkoholgehalt: <\/strong>49.2%<\/p>\n<p><strong>Abf\u00fcller<\/strong>: Perfect Dram<br \/>\n<br class=\"clear\"><br class=\"clear\"><\/p>\n<h5><a href=\"http:\/\/www.whiskywahn.de\/wp-content\/uploads\/2012\/12\/GlenKeith_WF_300.jpg\"><img loading=\"lazy\" decoding=\"async\" class=\"alignleft size-full wp-image-2346\" src=\"http:\/\/www.whiskywahn.de\/wp-content\/uploads\/2012\/12\/GlenKeith_WF_300.jpg\" alt=\"GlenKeith_WF_300\" width=\"300\" height=\"300\" srcset=\"https:\/\/whiskywahn.de\/wp-content\/uploads\/2012\/12\/GlenKeith_WF_300.jpg 300w, https:\/\/whiskywahn.de\/wp-content\/uploads\/2012\/12\/GlenKeith_WF_300-150x150.jpg 150w\" sizes=\"auto, (max-width: 300px) 100vw, 300px\" \/><\/a><\/p>\n<h5 style=\"text-align: left;\">Whisky F\u00e4ssle &#8211; 1992 &#8211; Duck Edition<\/h5>\n<p><strong>Alkoholgehalt: <\/strong>51.8%<\/p>\n<p><strong>Abf\u00fcller<\/strong>: Whisky F\u00e4ssle<br \/>\n<br class=\"clear\"><br class=\"clear\"><\/p>\n<h5><a href=\"http:\/\/www.whiskywahn.de\/wp-content\/uploads\/2012\/12\/GlenKeith_WS_300.jpg\"><img loading=\"lazy\" decoding=\"async\" class=\"alignleft size-full wp-image-2096\" title=\"GlenKeith_WS_300\" src=\"http:\/\/www.whiskywahn.de\/wp-content\/uploads\/2012\/12\/GlenKeith_WS_300.jpg\" alt=\"\" width=\"300\" height=\"300\" srcset=\"https:\/\/whiskywahn.de\/wp-content\/uploads\/2012\/12\/GlenKeith_WS_300.jpg 300w, https:\/\/whiskywahn.de\/wp-content\/uploads\/2012\/12\/GlenKeith_WS_300-150x150.jpg 150w\" sizes=\"auto, (max-width: 300px) 100vw, 300px\" \/><\/a><\/p>\n<h5 style=\"text-align: left;\">Ocean Liner &#8211; 1991 &#8211;<\/h5>\n<p><strong>Alkoholgehalt: <\/strong>49.6%<\/p>\n<p><strong>Abf\u00fcller<\/strong>: Jack Wiebers f\u00fcr Whiskyschiff Z\u00fcrich 2012<br \/>\n<br class=\"clear\"><br class=\"clear\"><\/p>\n","protected":false},"excerpt":{"rendered":"<p>Old Times Diving Alkoholgehalt: 51.4% Abf\u00fcller: The Whisky Agency Single Cask &#8211; 1973 &#8211; Alkoholgehalt: 43.2% Abf\u00fcller: Cadenhead Cask Strength Edition Alkoholgehalt: 56.3% Perfect Dram &#8211; 1992 &#8211; Alkoholgehalt: 49.2% Abf\u00fcller: Perfect Dram Whisky F\u00e4ssle &#8211; 1992 &#8211; Duck Edition Alkoholgehalt: 51.8% Abf\u00fcller: Whisky F\u00e4ssle Ocean Liner &#8211; 1991 &#8211; Alkoholgehalt: 49.6% Abf\u00fcller: Jack Wiebers [&hellip;]<\/p>\n","protected":false},"author":1,"featured_media":0,"parent":6204,"menu_order":0,"comment_status":"closed","ping_status":"closed","template":"","meta":{"ngg_post_thumbnail":0,"footnotes":""},"class_list":["post-6069","page","type-page","status-publish","hentry","post-preview"],"_links":{"self":[{"href":"https:\/\/whiskywahn.de\/index.php?rest_route=\/wp\/v2\/pages\/6069","targetHints":{"allow":["GET"]}}],"collection":[{"href":"https:\/\/whiskywahn.de\/index.php?rest_route=\/wp\/v2\/pages"}],"about":[{"href":"https:\/\/whiskywahn.de\/index.php?rest_route=\/wp\/v2\/types\/page"}],"author":[{"embeddable":true,"href":"https:\/\/whiskywahn.de\/index.php?rest_route=\/wp\/v2\/users\/1"}],"replies":[{"embeddable":true,"href":"https:\/\/whiskywahn.de\/index.php?rest_route=%2Fwp%2Fv2%2Fcomments&post=6069"}],"version-history":[{"count":10,"href":"https:\/\/whiskywahn.de\/index.php?rest_route=\/wp\/v2\/pages\/6069\/revisions"}],"predecessor-version":[{"id":6635,"href":"https:\/\/whiskywahn.de\/index.php?rest_route=\/wp\/v2\/pages\/6069\/revisions\/6635"}],"up":[{"embeddable":true,"href":"https:\/\/whiskywahn.de\/index.php?rest_route=\/wp\/v2\/pages\/6204"}],"wp:attachment":[{"href":"https:\/\/whiskywahn.de\/index.php?rest_route=%2Fwp%2Fv2%2Fmedia&parent=6069"}],"curies":[{"name":"wp","href":"https:\/\/api.w.org\/{rel}","templated":true}]}}